{"id":95,"date":"2021-05-31T18:30:00","date_gmt":"2021-05-31T18:30:00","guid":{"rendered":"http:\/\/10.33.242.56\/?page_id=95"},"modified":"2021-06-01T13:07:32","modified_gmt":"2021-06-01T13:07:32","slug":"uber-uns","status":"publish","type":"page","link":"https:\/\/kolbenfresser-konstanz.de\/?page_id=95","title":{"rendered":"\u00dcber Uns"},"content":{"rendered":"\n<p style=\"font-size:28px\"><strong>&#8222;Wenn hier einer Anna nass macht, dann bin ich das!&#8220;<\/strong><\/p>\n\n\n\n<p><strong><br><\/strong>Die rustikale Raucherkneipe in Konstanz f\u00fcr alle heimatlosen Rock- und Musikbegeisterten, Biker, Freaks, Schrauber, Ottonormalverbraucher, Freunde, G\u00f6nner, Wohlgesonnenen und &#8222;Werner Br\u00f6sel&#8220; Fans. Der Biergarten bietet ausreichend Platz f\u00fcr Jung und Alt. Parkm\u00f6glichkeiten finden Sie bei uns direkt am Haus. F\u00fcr B\u00f6lkstoff werden wir ausreichend sorgen.<\/p>\n\n\n\n<figure class=\"wp-block-image size-large\"><img fetchpriority=\"high\" decoding=\"async\" width=\"1024\" height=\"576\" src=\"https:\/\/kolbenfresser-konstanz.de\/wp-content\/uploads\/2021\/06\/gruppenbild_2018-1024x576.jpg\" alt=\"\" class=\"wp-image-259\" srcset=\"https:\/\/kolbenfresser-konstanz.de\/wp-content\/uploads\/2021\/06\/gruppenbild_2018-1024x576.jpg 1024w, https:\/\/kolbenfresser-konstanz.de\/wp-content\/uploads\/2021\/06\/gruppenbild_2018-300x169.jpg 300w, https:\/\/kolbenfresser-konstanz.de\/wp-content\/uploads\/2021\/06\/gruppenbild_2018-768x432.jpg 768w, https:\/\/kolbenfresser-konstanz.de\/wp-content\/uploads\/2021\/06\/gruppenbild_2018.jpg 1280w\" sizes=\"(max-width: 1024px) 100vw, 1024px\" \/><\/figure>\n","protected":false},"excerpt":{"rendered":"<p>&#8222;Wenn hier einer Anna nass macht, dann bin ich das!&#8220; Die rustikale Raucherkneipe in Konstanz f\u00fcr alle heimatlosen Rock- und Musikbegeisterten, Biker, Freaks, Schrauber, Ottonormalverbraucher, Freunde, G\u00f6nner, Wohlgesonnenen und &#8222;Werner Br\u00f6sel&#8220; Fans. Der Biergarten bietet ausreichend Platz f\u00fcr Jung und Alt. Parkm\u00f6glichkeiten finden Sie bei uns direkt am Haus. F\u00fcr B\u00f6lkstoff werden wir ausreichend sorgen.<\/p>\n","protected":false},"author":1,"featured_media":0,"parent":0,"menu_order":0,"comment_status":"closed","ping_status":"closed","template":"","meta":{"footnotes":""},"class_list":["post-95","page","type-page","status-publish","hentry"],"_links":{"self":[{"href":"https:\/\/kolbenfresser-konstanz.de\/index.php?rest_route=\/wp\/v2\/pages\/95","targetHints":{"allow":["GET"]}}],"collection":[{"href":"https:\/\/kolbenfresser-konstanz.de\/index.php?rest_route=\/wp\/v2\/pages"}],"about":[{"href":"https:\/\/kolbenfresser-konstanz.de\/index.php?rest_route=\/wp\/v2\/types\/page"}],"author":[{"embeddable":true,"href":"https:\/\/kolbenfresser-konstanz.de\/index.php?rest_route=\/wp\/v2\/users\/1"}],"replies":[{"embeddable":true,"href":"https:\/\/kolbenfresser-konstanz.de\/index.php?rest_route=%2Fwp%2Fv2%2Fcomments&post=95"}],"version-history":[{"count":1,"href":"https:\/\/kolbenfresser-konstanz.de\/index.php?rest_route=\/wp\/v2\/pages\/95\/revisions"}],"predecessor-version":[{"id":260,"href":"https:\/\/kolbenfresser-konstanz.de\/index.php?rest_route=\/wp\/v2\/pages\/95\/revisions\/260"}],"wp:attachment":[{"href":"https:\/\/kolbenfresser-konstanz.de\/index.php?rest_route=%2Fwp%2Fv2%2Fmedia&parent=95"}],"curies":[{"name":"wp","href":"https:\/\/api.w.org\/{rel}","templated":true}]}}